3. Suppose d*c = c + 3. What is the units digit of c?
1
Let i = -9 - -42. What is the tens digit of i?
3
Let v be (4/12)/(2/6). Suppose 1 = 2*h - v. What is the units digit of h?
1
Let i be (-34)/(-9) + 4/18. Let x be -1 + -5 + 3 + 1. Let f = i + x. What is the units digit of f?
2
Suppose 3*u + 2*v - 37 - 30 = 0, v = -2*u + 45. What is the units digit of u?
3
Suppose -4*k = k + 5*u + 45, 14 = -k - 2*u. Let v = k - -11. What is the units digit of v?
7
Suppose 8 = 4*c - 12. What is the units digit of c?
5
Let d(f) = f**3 - f + 1. Let x(o) = 2*o**3 + 7*o**2 - 9*o + 8. Let q(v) = -3*d(v) + x(v). Let w be 8 + 5/((-5)/2). What is the units digit of q(w)?
5
Let n(m) = m**3 + 6*m**2 + 9*m + 5. Let d be n(-6). Let k = -10 - d. What is the tens digit of k?
3
Let a be 74*(-1)/6*-3. Suppose 4*u - a = j, 2*j + j - 9 = 0. What is the units digit of ((-36)/u)/(2/(-5))?
9
Let h = 2 - 8. Let i(m) = -m**3 - 6*m**2 - 2*m - 7. What is the units digit of i(h)?
5
Let g = -8 - -13. Let v(m) = m - 5. Let w be v(5). Suppose -2*j + 7 = -w*y + 5*y, y + 2*j = -g. What is the units digit of y?
3
What is the units digit of (12/5)/((-18)/(-135))?
8
Let c(f) = 4*f + 3. Let a(g) = 3*g + 4. Let s(n) = -5*a(n) + 4*c(n). Let t be s(10). Suppose -27 = -t*w - 4*u + u, w - 17 = -5*u. What is the units digit of w?
2
Suppose 12*p = 16*p - 96. What is the units digit of p?
4
Let d be (3/2)/(15/20). Suppose 5*c + 2*z = 44, d*c + c - 15 = -5*z. What is the units digit of c?
0
Let g = 148 + -77. What is the units digit of g?
1
Suppose 65 = 5*a - 930. What is the units digit of a?
9
Suppose 26 = -20*u + 21*u. What is the tens digit of u?
2
Let s(u) = u**3 + 6*u**2 - 6*u + 3. Let r be s(-7). Let t be ((-30)/8)/(1/r). Suppose -t = -2*i - 3. What is the units digit of i?
6
Let i(c) = -7*c**2 - c - 1. Let j be i(-1). Let v = j - -7. Suppose u + 3*a + v*a - 23 = 0, 5*a + 41 = 4*u. What is the tens digit of u?
1
Suppose 3*i = o + 4*o + 43, -5*i = 4*o - 84. What is the units digit of i?
6
Let v be 1/4 - 765/(-12). Let g = -36 + v. Suppose -4*u - g = -3*c, -c - 8 = u + 2*u. What is the units digit of c?
4
Let g(u) = -u**3 - 6*u**2 - 4*u + 3. Let j be g(-5). Let z be (j/6)/(1/(-3)). Let o = z - -2. What is the units digit of o?
3
Let w = 151 + -97. What is the tens digit of w?
5
Let l(p) = 7*p + 5. What is the tens digit of l(10)?
7
Suppose -3*m - 4 = 2*m + f, 0 = 3*m + 2*f + 8. Suppose m*h + 5*h - a = 32, 2*a = 4*h - 22. What is the units digit of h?
7
Suppose -k - 54 = k - 3*r, -2*k - 46 = r. Let h = -16 - k. What is the units digit of h?
8
Suppose 5*h - 3*w = 681, w - 586 = -3*h - 169. What is the tens digit of h?
3
Let r be 18/12*4/3. Let p(k) = 6*k**2 - 4*k + 2. What is the tens digit of p(r)?
1
Let n(u) = u**3 - 7*u**2 + 2*u - 7. Suppose 5*b - 2 = 8. Let a(m) = 5*m - 3. Let f be a(b). What is the units digit of n(f)?
7
Let f(v) = v**3 + 2*v**2 - 6*v + 4. What is the units digit of f(6)?
6
Let c(h) = -h**3 - h**2 - 2*h - 1. Let l be c(-1). Let s be (l + -5)*2/(-1). Let n(r) = -r**3 + 9*r**2 - 8*r + 4. What is the units digit of n(s)?
4
Let r(d) = d**2 + d - 4. What is the units digit of r(-6)?
6
Let q(i) = i**3 - 2*i**2 - 6*i + 6. Let x(f) be the first derivative of -f**4/4 - 2*f**3 + 4*f - 2. Let u be x(-6). What is the units digit of q(u)?
4
Let l(d) be the first derivative of -3*d**2/2 + d + 6. What is the tens digit of l(-6)?
1
Let o be ((-68)/(-6))/((-1)/3). Let v = 58 + o. What is the tens digit of v?
2
What is the units digit of (2 - (-11)/1) + 4?
7
Let q(v) = v + 2. Suppose -m + 5*r = -14, 5*r + 41 = 4*m - 0*m. Let j be m/(-2)*(1 + -3). What is the units digit of q(j)?
1
Let v(h) = h**3 + 5*h**2 - 13*h - 5. What is the units digit of v(-5)?
0
What is the tens digit of (0 - -1)*-2 - 41*-5?
0
Suppose -4*c - 3*b + 126 + 401 = 0, 0 = -4*c - b + 517. What is the tens digit of c?
2
Suppose -3*f + 112 = f. Suppose 5*c + 5*y - 17 = -2, 4*c = 4*y + f. Suppose c*k = -0*k + 55. What is the tens digit of k?
1
Suppose 5*a = a + 3*c + 135, a + 3*c - 15 = 0. What is the tens digit of a?
3
Let p = -16 + 20. Suppose -p*x = -2*y - 0*y - 22, 0 = 2*x + y - 17. What is the units digit of x?
7
Suppose -3*k = -2 - 10. Suppose 0 = -9*h + k*h + 35. What is the units digit of h?
7
Suppose 0 = -3*d + w + 196, -d - 139 = -3*d - w. Suppose 10 = 2*n + 2*i - 28, -d = -4*n + 5*i. What is the units digit of n?
8
Let a(v) = 105*v - 5. What is the units digit of a(1)?
0
What is the tens digit of (-6 - 0)/((-8)/(-40)*-2)?
1
Let y be -2 + 24*15/6. Let o = y + -29. What is the tens digit of o?
2
Suppose -3*d + d + 29 = -5*m, -5*d + 5*m = -35. What is the units digit of d?
2
Let v(h) = 2*h**2 - 6*h + 5. Suppose -7*d = -6*d - 5. What is the tens digit of v(d)?
2
Let h = 149 + -21. What is the units digit of h?
8
What is the units digit of (-2)/(-1) + (119 - (4 - 7))?
4
Suppose 4*u + 12 = 3*n, -n + 8 = -4*u + n. Suppose -2*v + 4 + u = 0. What is the units digit of -45*(v/6)/(-1)?
5
Let c = 0 + 5. Suppose 23 = c*k + 8. What is the units digit of k?
3
Let y = -21 + 3. What is the units digit of (-4)/(-6) + (-114)/y?
7
Suppose -f + 3*x + 83 = -2*x, 3*x - 153 = -2*f. Suppose 5*r + 23 = f. Suppose 3*u + r - 32 = 0. What is the units digit of u?
7
Suppose -h = -3*h + 4. What is the units digit of (h/4)/(2/168)?
2
Suppose -v + i + 118 = 0, -2*i + 198 = 3*v - 131. What is the hundreds digit of v?
1
Suppose 4*g + 6 = n - 15, 3*g = -n - 7. Let u = -16 + 21. Suppose 19 = 3*v + u*m, 1 = 4*v - n*m - 71. What is the tens digit of v?
1
Suppose 3*k - 79 = -s, 3*s = 2*k - s - 62. What is the tens digit of k?
2
Let m(u) be the first derivative of -u**4/4 - 5*u**3/3 - 3*u**2/2 + u + 6. What is the units digit of m(-5)?
6
Let y(u) = u**2 + u + 1. Let r(b) = -4*b**2 + 2*b - 6. Let w(n) = r(n) + 5*y(n). Let g be (-4)/(1 + (-3)/6). What is the units digit of w(g)?
7
Suppose 1879 = 4*b + 163. What is the tens digit of b?
2
Let u be 1 - 2*17/2. Let j be (u/12)/((-2)/3). What is the units digit of ((-25)/15)/(j/(-6))?
5
Let s be -20*1*(-8)/10. Suppose -v + s - 1 = 0. What is the units digit of v?
5
Suppose -5*h + 128 = -0*h - t, 0 = -t - 3. Let k = 15 - h. What is the units digit of 2/5 + (-86)/k?
9
Let z = 69 + 63. What is the units digit of (-3 - 2)*z/(-20)?
3
Suppose 7 = 5*h - 5*o - 18, 4*o = 5*h - 22. Suppose 0 = -5*i + 4*i + 1. What is the units digit of h*(i/(-2) + 2)?
3
Suppose 2*g = -3*g + 20. Let n = 27 - g. What is the tens digit of n?
2
Suppose -5*z = 6*p - 2*p - 95, -4*p = 2*z - 26. Let t = z - 41. What is the tens digit of 1 - 1*t*1?
1
Suppose -q = -m + 9, -4*q - 19 = -m + 2. Let b(y) be the first derivative of -y**4/4 - y**3 + 3*y**2/2 + 6*y - 3. What is the units digit of b(q)?
0
Suppose 5*s + 47 = 12. Let n = s + 18. What is the units digit of n?
1
Let i = 1 - 1. Let j = -30 - -64. Suppose i*c - 9 = -2*z + 5*c, c = 5*z - j. What is the units digit of z?
7
Suppose 3*a - 5*y = -6*y + 9, -2*a - y + 5 = 0. Suppose -19 = -a*r + 5. What is the units digit of r?
6
Let n(d) = -5*d**2 - 4*d + 2*d**2 + 2*d**2. Let l be n(-6). What is the units digit of 10/4*l/(-10)?
3
Let f be ((-3)/2)/(12/(-152)). Let l = f - 8. What is the units digit of l?
1
Let t(f) = 2*f**2 + 7*f + 6. Let p(z) = -2*z - 11. Let u be p(-9). Let b = -11 + u. What is the units digit of t(b)?
0
Suppose g - 5*h - 149 = 0, 4*g - 4*h - 248 - 268 = 0. What is the units digit of g?
4
Let k(n) = -4*n**3 - 4*n**2 - 2*n + 1. Let z be k(-2). Suppose 3*h + 64 - 25 = 0. Let b = z + h. What is the units digit of b?
8
Let d = 34 - 24. Let s be d/4 - 2/(-4). Suppose -4*b - b - 4*m = -73, s*b - 35 = 2*m. What is the units digit of b?
3
Suppose 7 + 5 = 4*c. Suppose -4*a + 5 + c = 0. What is the units digit of 2 + (-3)/(-6)*a?
3
Let m be (4*-1)/2 + -24. Let f = 40 + m. What is the units digit of f - 0 - (-1 + 4)?
1
Let d = -1 - -15. What is the tens digit of d?
1
Let o = 84 - -6. Suppose -6*h = -h + o. What is the units digit of 119/9 - (-4)/h?
3
Suppose 4*w + 4 = 16. Suppose -h - 2*h = -3*j + 42, -w*h = 2*j - 18. What is the units digit of j?
2
Let s = -3 - -4. Let f = 6 + -3. Let p = f + s. What is the units digit of p?
4
Let h(o) = -o**3 + o**2 + 4*o + 3. Let k(r) = r. Let y(u) = -h(u) + 4*k(u). Let i be y(3). Let p = i - 11. What is the units digit of p?
4
What is the tens digit of (-2